{"id":1863,"date":"2017-06-02T13:24:07","date_gmt":"2017-06-02T13:24:07","guid":{"rendered":"http:\/\/iacademy.mikado-themes.com\/?page_id=1863"},"modified":"2024-07-28T15:50:03","modified_gmt":"2024-07-28T13:50:03","slug":"contact","status":"publish","type":"page","link":"https:\/\/cours-piano-senlis.com\/index.php\/contact\/","title":{"rendered":"Contact"},"content":{"rendered":"<section class=\"wpb-content-wrapper\"><p>[vc_row row_content_width=\u00a0\u00bbgrid\u00a0\u00bb content_text_aligment=\u00a0\u00bbleft\u00a0\u00bb css=\u00a0\u00bb.vc_custom_1721912647739{padding-top: 100px !important;padding-bottom: 83px !important;}\u00a0\u00bb][vc_column width=\u00a0\u00bb5\/12&Prime; css=\u00a0\u00bb.vc_custom_1496845447068{margin-top: -10px !important;}\u00a0\u00bb]<div class=\"mkdf-section-title-holder  mkdf-st-standard mkdf-st-title-left mkdf-st-normal-space \" style=\"text-align: left\">\n\t<div class=\"mkdf-st-inner\">\n\t\t\t\t\t<h2 class=\"mkdf-st-title\" >\n\t\t\t\tNous joindre\t\t\t<\/h2>\n\t\t\t\t\t\t\t<p class=\"mkdf-st-text\" >\n\t\t\t\tN'h\u00e9sitez pas \u00e0 nous envoyer un message ou \u00e0 nous appeler. Une premi\u00e8re prise de contact est toujours d\u00e9cisive\t\t\t<\/p>\n\t\t\t<\/div>\n<\/div>[vc_empty_space height=\u00a0\u00bb10px\u00a0\u00bb][vc_column_text css=\u00a0\u00bb.vc_custom_1721912751143{padding-bottom: 20px !important;}\u00a0\u00bb]<\/p>\n<h5>Cours de piano priv\u00e9 Senlis (Oise)<\/h5>\n<p>[\/vc_column_text]<div class=\"mkdf-icon-list-holder \" style=\"margin-bottom: 8px\">\n\t<div class=\"mkdf-il-icon-holder\">\n\t\t<span aria-hidden=\"true\" class=\"mkdf-icon-linear-icons lnr lnr-phone-handset \" style=\"color: #545454;font-size: 17px\"><\/span>\t<\/div>\n\t<p class=\"mkdf-il-text\" style=\"color: #999999;font-size: 12px;padding-left: 25px\">07 56 82 05 11<\/p>\n<\/div><div class=\"mkdf-icon-list-holder \" style=\"margin-bottom: 8px\">\n\t<div class=\"mkdf-il-icon-holder\">\n\t\t<span aria-hidden=\"true\" class=\"mkdf-icon-linear-icons lnr lnr-apartment \" style=\"color: #545454;font-size: 17px\"><\/span>\t<\/div>\n\t<p class=\"mkdf-il-text\" style=\"color: #999999;font-size: 12px;padding-left: 25px\">3 av de la Nonette - Senlis, Oise (60300)<\/p>\n<\/div><div class=\"mkdf-separator-holder clearfix  mkdf-separator-left \">\n\t<div class=\"mkdf-separator\" style=\"border-color: #eaeaea;width: 80%;border-bottom-width: 1px;margin-top: 25px;margin-bottom: 15px\"><\/div>\n<\/div>\n[vc_column_text css=\u00a0\u00bb.vc_custom_1721913024449{padding-bottom: 20px !important;}\u00a0\u00bb]<\/p>\n<div class=\"wpb_text_column wpb_content_element vc_custom_1721912751143\">\n<div class=\"wpb_wrapper\">\n<h5>Cours de piano priv\u00e9 Chantilly (Oise)<\/h5>\n<\/div>\n<\/div>\n<div class=\"mkdf-icon-list-holder \">\n<div class=\"mkdf-il-icon-holder\"><\/div>\n<\/div>\n<p>[\/vc_column_text]<div class=\"mkdf-icon-list-holder \" style=\"margin-bottom: 8px\">\n\t<div class=\"mkdf-il-icon-holder\">\n\t\t<span aria-hidden=\"true\" class=\"mkdf-icon-linear-icons lnr lnr-phone-handset \" style=\"color: #545454;font-size: 17px\"><\/span>\t<\/div>\n\t<p class=\"mkdf-il-text\" style=\"color: #999999;font-size: 12px;padding-left: 25px\">07 56 82 05 11<\/p>\n<\/div><div class=\"mkdf-icon-list-holder \" style=\"margin-bottom: 8px\">\n\t<div class=\"mkdf-il-icon-holder\">\n\t\t<span aria-hidden=\"true\" class=\"mkdf-icon-linear-icons lnr lnr-apartment \" style=\"color: #545454;font-size: 17px\"><\/span>\t<\/div>\n\t<p class=\"mkdf-il-text\" style=\"color: #999999;font-size: 12px;padding-left: 25px\">Rue d&#039;Orgemont, Chantilly, Oise (60500)<\/p>\n<\/div>[vc_column_text css=\u00a0\u00bb.vc_custom_1722174333849{padding-bottom: 20px !important;}\u00a0\u00bb]<\/p>\n<div class=\"wpb_text_column wpb_content_element vc_custom_1721912751143\">\n<div class=\"wpb_wrapper\">\n<h5>Cours de piano priv\u00e9 Lamorlaye (Oise)<\/h5>\n<\/div>\n<\/div>\n<div class=\"mkdf-icon-list-holder \">\n<div class=\"mkdf-il-icon-holder\"><\/div>\n<\/div>\n<p>[\/vc_column_text]<div class=\"mkdf-icon-list-holder \" style=\"margin-bottom: 8px\">\n\t<div class=\"mkdf-il-icon-holder\">\n\t\t<span aria-hidden=\"true\" class=\"mkdf-icon-linear-icons lnr lnr-phone-handset \" style=\"color: #545454;font-size: 17px\"><\/span>\t<\/div>\n\t<p class=\"mkdf-il-text\" style=\"color: #999999;font-size: 12px;padding-left: 25px\">07 56 82 05 11<\/p>\n<\/div><div class=\"mkdf-icon-list-holder \" style=\"margin-bottom: 8px\">\n\t<div class=\"mkdf-il-icon-holder\">\n\t\t<span aria-hidden=\"true\" class=\"mkdf-icon-linear-icons lnr lnr-apartment \" style=\"color: #545454;font-size: 17px\"><\/span>\t<\/div>\n\t<p class=\"mkdf-il-text\" style=\"color: #999999;font-size: 12px;padding-left: 25px\">Av. Charles de Gaulle, Lamorlaye, Oise (60260)<\/p>\n<\/div>[\/vc_column][vc_column width=\u00a0\u00bb7\/12&Prime;]\n<div class=\"wpcf7 no-js\" id=\"wpcf7-f4138-o1\" lang=\"en-US\" dir=\"ltr\">\n<div class=\"screen-reader-response\"><p role=\"status\" aria-live=\"polite\" aria-atomic=\"true\"><\/p> <ul><\/ul><\/div>\n<form action=\"\/index.php\/wp-json\/wp\/v2\/pages\/1863#wpcf7-f4138-o1\" method=\"post\" class=\"wpcf7-form init cf7_custom_style_2\" aria-label=\"Contact form\" novalidate=\"novalidate\" data-status=\"init\">\n<div style=\"display: none;\">\n<input type=\"hidden\" name=\"_wpcf7\" value=\"4138\" \/>\n<input type=\"hidden\" name=\"_wpcf7_version\" value=\"5.9.7\" \/>\n<input type=\"hidden\" name=\"_wpcf7_locale\" value=\"en_US\" \/>\n<input type=\"hidden\" name=\"_wpcf7_unit_tag\" value=\"wpcf7-f4138-o1\" \/>\n<input type=\"hidden\" name=\"_wpcf7_container_post\" value=\"0\" \/>\n<input type=\"hidden\" name=\"_wpcf7_posted_data_hash\" value=\"\" \/>\n<\/div>\n<p><label> Nom et pr\u00e9nom* <\/label><br \/>\n<span class=\"wpcf7-form-control-wrap\" data-name=\"your-name\"><input size=\"40\" maxlength=\"400\" class=\"wpcf7-form-control wpcf7-text wpcf7-validates-as-required\" aria-required=\"true\" aria-invalid=\"false\" value=\"\" type=\"text\" name=\"your-name\" \/><\/span>\n<\/p>\n<p><label> Email* <\/label><br \/>\n<span class=\"wpcf7-form-control-wrap\" data-name=\"your-email\"><input size=\"40\" maxlength=\"400\" class=\"wpcf7-form-control wpcf7-email wpcf7-validates-as-required wpcf7-text wpcf7-validates-as-email\" aria-required=\"true\" aria-invalid=\"false\" value=\"\" type=\"email\" name=\"your-email\" \/><\/span>\n<\/p>\n<p><label> T\u00e9l\u00e9phone* <\/label><br \/>\n<span class=\"wpcf7-form-control-wrap\" data-name=\"your-subject\"><input size=\"40\" maxlength=\"400\" class=\"wpcf7-form-control wpcf7-text\" aria-invalid=\"false\" value=\"\" type=\"text\" name=\"your-subject\" \/><\/span>\n<\/p>\n<p><label> Votre message* <\/label><br \/>\n<span class=\"wpcf7-form-control-wrap\" data-name=\"your-message\"><input size=\"40\" maxlength=\"400\" class=\"wpcf7-form-control wpcf7-text\" aria-invalid=\"false\" value=\"\" type=\"text\" name=\"your-message\" \/><\/span>\n<\/p>\n<p><input class=\"wpcf7-form-control wpcf7-submit has-spinner\" type=\"submit\" value=\"ENVOYER\" \/>\n<\/p><div class=\"wpcf7-response-output\" aria-hidden=\"true\"><\/div>\n<\/form>\n<\/div>\n[\/vc_column][\/vc_row][vc_row][vc_column]<div class=\"mkdf-google-map-holder\">\n\t<div class=\"mkdf-google-map\" id=\"mkdf-map-350152\" data-addresses='[\"3 av de la Nonette - Senlis, oise (60300)\"]' data-custom-map-style=yes data-color-overlay=#dd3333 data-saturation=-100 data-lightness=-60 data-zoom=14 data-pin=https:\/\/cours-piano-senlis.com\/wp-content\/uploads\/2017\/06\/map-pin-blue.png data-unique-id=350152 data-scroll-wheel=no data-height=605><\/div>\n\t\t\t<div class=\"mkdf-google-map-overlay\"><\/div>\n\t<\/div>\n[\/vc_column][\/vc_row]<\/p>\n<\/section>","protected":false},"excerpt":{"rendered":"<p>[vc_row row_content_width=\u00a0\u00bbgrid\u00a0\u00bb content_text_aligment=\u00a0\u00bbleft\u00a0\u00bb css=\u00a0\u00bb.vc_custom_1721912647739{padding-top: 100px !important;padding-bottom: 83px !important;}\u00a0\u00bb][vc_column width=\u00a0\u00bb5\/12&Prime; css=\u00a0\u00bb.vc_custom_1496845447068{margin-top: -10px !important;}\u00a0\u00bb][vc_empty_space height=\u00a0\u00bb10px\u00a0\u00bb][vc_column_text css=\u00a0\u00bb.vc_custom_1721912751143{padding-bottom: 20px !important;}\u00a0\u00bb] Cours de piano priv\u00e9 Senlis (Oise) [\/vc_column_text][vc_column_text css=\u00a0\u00bb.vc_custom_1721913024449{padding-bottom: 20px !important;}\u00a0\u00bb] Cours de piano priv\u00e9 Chantilly (Oise) [\/vc_column_text][vc_column_text css=\u00a0\u00bb.vc_custom_1722174333849{padding-bottom: 20px !important;}\u00a0\u00bb] Cours de piano priv\u00e9 [&hellip;]<\/p>\n","protected":false},"author":1,"featured_media":0,"parent":0,"menu_order":0,"comment_status":"closed","ping_status":"closed","template":"full-width.php","meta":{"_bbp_topic_count":0,"_bbp_reply_count":0,"_bbp_total_topic_count":0,"_bbp_total_reply_count":0,"_bbp_voice_count":0,"_bbp_anonymous_reply_count":0,"_bbp_topic_count_hidden":0,"_bbp_reply_count_hidden":0,"_bbp_forum_subforum_count":0,"footnotes":""},"class_list":["post-1863","page","type-page","status-publish","hentry"],"yoast_head":"<!-- This site is optimized with the Yoast SEO plugin v23.0 - https:\/\/yoast.com\/wordpress\/plugins\/seo\/ -->\n<title>Contactez nos professeurs de piano de Senlis<\/title>\n<meta name=\"description\" content=\"Nous vous r\u00e9pondons dans les meilleurs d\u00e9lais pour vous permettre de commencer vos cours de piano d\u00e9butants ou confirm\u00e9s dans l&#039;oise\" \/>\n<meta name=\"robots\" content=\"index, follow, max-snippet:-1, max-image-preview:large, max-video-preview:-1\" \/>\n<link rel=\"canonical\" href=\"https:\/\/cours-piano-senlis.com\/index.php\/contact\/\" \/>\n<meta property=\"og:locale\" content=\"fr_FR\" \/>\n<meta property=\"og:type\" content=\"article\" \/>\n<meta property=\"og:title\" content=\"Contactez nos professeurs de piano de Senlis\" \/>\n<meta property=\"og:description\" content=\"Nous vous r\u00e9pondons dans les meilleurs d\u00e9lais pour vous permettre de commencer vos cours de piano d\u00e9butants ou confirm\u00e9s dans l&#039;oise\" \/>\n<meta property=\"og:url\" content=\"https:\/\/cours-piano-senlis.com\/index.php\/contact\/\" \/>\n<meta property=\"og:site_name\" content=\"Cours piano \u00e0 Senlis\" \/>\n<meta property=\"article:modified_time\" content=\"2024-07-28T13:50:03+00:00\" \/>\n<meta name=\"twitter:card\" content=\"summary_large_image\" \/>\n<meta name=\"twitter:label1\" content=\"Dur\u00e9e de lecture estim\u00e9e\" \/>\n\t<meta name=\"twitter:data1\" content=\"1 minute\" \/>\n<script type=\"application\/ld+json\" class=\"yoast-schema-graph\">{\"@context\":\"https:\/\/schema.org\",\"@graph\":[{\"@type\":\"WebPage\",\"@id\":\"https:\/\/cours-piano-senlis.com\/index.php\/contact\/\",\"url\":\"https:\/\/cours-piano-senlis.com\/index.php\/contact\/\",\"name\":\"Contactez nos professeurs de piano de Senlis\",\"isPartOf\":{\"@id\":\"https:\/\/cours-piano-senlis.com\/#website\"},\"datePublished\":\"2017-06-02T13:24:07+00:00\",\"dateModified\":\"2024-07-28T13:50:03+00:00\",\"description\":\"Nous vous r\u00e9pondons dans les meilleurs d\u00e9lais pour vous permettre de commencer vos cours de piano d\u00e9butants ou confirm\u00e9s dans l'oise\",\"breadcrumb\":{\"@id\":\"https:\/\/cours-piano-senlis.com\/index.php\/contact\/#breadcrumb\"},\"inLanguage\":\"fr-FR\",\"potentialAction\":[{\"@type\":\"ReadAction\",\"target\":[\"https:\/\/cours-piano-senlis.com\/index.php\/contact\/\"]}]},{\"@type\":\"BreadcrumbList\",\"@id\":\"https:\/\/cours-piano-senlis.com\/index.php\/contact\/#breadcrumb\",\"itemListElement\":[{\"@type\":\"ListItem\",\"position\":1,\"name\":\"Accueil\",\"item\":\"https:\/\/cours-piano-senlis.com\/\"},{\"@type\":\"ListItem\",\"position\":2,\"name\":\"Contact\"}]},{\"@type\":\"WebSite\",\"@id\":\"https:\/\/cours-piano-senlis.com\/#website\",\"url\":\"https:\/\/cours-piano-senlis.com\/\",\"name\":\"Cours piano Senlis\",\"description\":\"Apprendre le piano \u00e0 votre rythme\",\"publisher\":{\"@id\":\"https:\/\/cours-piano-senlis.com\/#organization\"},\"potentialAction\":[{\"@type\":\"SearchAction\",\"target\":{\"@type\":\"EntryPoint\",\"urlTemplate\":\"https:\/\/cours-piano-senlis.com\/?s={search_term_string}\"},\"query-input\":\"required name=search_term_string\"}],\"inLanguage\":\"fr-FR\"},{\"@type\":\"Organization\",\"@id\":\"https:\/\/cours-piano-senlis.com\/#organization\",\"name\":\"Cours piano Senlis\",\"url\":\"https:\/\/cours-piano-senlis.com\/\",\"logo\":{\"@type\":\"ImageObject\",\"inLanguage\":\"fr-FR\",\"@id\":\"https:\/\/cours-piano-senlis.com\/#\/schema\/logo\/image\/\",\"url\":\"https:\/\/cours-piano-senlis.com\/wp-content\/uploads\/2024\/07\/logo-piano.png\",\"contentUrl\":\"https:\/\/cours-piano-senlis.com\/wp-content\/uploads\/2024\/07\/logo-piano.png\",\"width\":200,\"height\":40,\"caption\":\"Cours piano Senlis\"},\"image\":{\"@id\":\"https:\/\/cours-piano-senlis.com\/#\/schema\/logo\/image\/\"}}]}<\/script>\n<!-- \/ Yoast SEO plugin. -->","yoast_head_json":{"title":"Contactez nos professeurs de piano de Senlis","description":"Nous vous r\u00e9pondons dans les meilleurs d\u00e9lais pour vous permettre de commencer vos cours de piano d\u00e9butants ou confirm\u00e9s dans l'oise","robots":{"index":"index","follow":"follow","max-snippet":"max-snippet:-1","max-image-preview":"max-image-preview:large","max-video-preview":"max-video-preview:-1"},"canonical":"https:\/\/cours-piano-senlis.com\/index.php\/contact\/","og_locale":"fr_FR","og_type":"article","og_title":"Contactez nos professeurs de piano de Senlis","og_description":"Nous vous r\u00e9pondons dans les meilleurs d\u00e9lais pour vous permettre de commencer vos cours de piano d\u00e9butants ou confirm\u00e9s dans l'oise","og_url":"https:\/\/cours-piano-senlis.com\/index.php\/contact\/","og_site_name":"Cours piano \u00e0 Senlis","article_modified_time":"2024-07-28T13:50:03+00:00","twitter_card":"summary_large_image","twitter_misc":{"Dur\u00e9e de lecture estim\u00e9e":"1 minute"},"schema":{"@context":"https:\/\/schema.org","@graph":[{"@type":"WebPage","@id":"https:\/\/cours-piano-senlis.com\/index.php\/contact\/","url":"https:\/\/cours-piano-senlis.com\/index.php\/contact\/","name":"Contactez nos professeurs de piano de Senlis","isPartOf":{"@id":"https:\/\/cours-piano-senlis.com\/#website"},"datePublished":"2017-06-02T13:24:07+00:00","dateModified":"2024-07-28T13:50:03+00:00","description":"Nous vous r\u00e9pondons dans les meilleurs d\u00e9lais pour vous permettre de commencer vos cours de piano d\u00e9butants ou confirm\u00e9s dans l'oise","breadcrumb":{"@id":"https:\/\/cours-piano-senlis.com\/index.php\/contact\/#breadcrumb"},"inLanguage":"fr-FR","potentialAction":[{"@type":"ReadAction","target":["https:\/\/cours-piano-senlis.com\/index.php\/contact\/"]}]},{"@type":"BreadcrumbList","@id":"https:\/\/cours-piano-senlis.com\/index.php\/contact\/#breadcrumb","itemListElement":[{"@type":"ListItem","position":1,"name":"Accueil","item":"https:\/\/cours-piano-senlis.com\/"},{"@type":"ListItem","position":2,"name":"Contact"}]},{"@type":"WebSite","@id":"https:\/\/cours-piano-senlis.com\/#website","url":"https:\/\/cours-piano-senlis.com\/","name":"Cours piano Senlis","description":"Apprendre le piano \u00e0 votre rythme","publisher":{"@id":"https:\/\/cours-piano-senlis.com\/#organization"},"potentialAction":[{"@type":"SearchAction","target":{"@type":"EntryPoint","urlTemplate":"https:\/\/cours-piano-senlis.com\/?s={search_term_string}"},"query-input":"required name=search_term_string"}],"inLanguage":"fr-FR"},{"@type":"Organization","@id":"https:\/\/cours-piano-senlis.com\/#organization","name":"Cours piano Senlis","url":"https:\/\/cours-piano-senlis.com\/","logo":{"@type":"ImageObject","inLanguage":"fr-FR","@id":"https:\/\/cours-piano-senlis.com\/#\/schema\/logo\/image\/","url":"https:\/\/cours-piano-senlis.com\/wp-content\/uploads\/2024\/07\/logo-piano.png","contentUrl":"https:\/\/cours-piano-senlis.com\/wp-content\/uploads\/2024\/07\/logo-piano.png","width":200,"height":40,"caption":"Cours piano Senlis"},"image":{"@id":"https:\/\/cours-piano-senlis.com\/#\/schema\/logo\/image\/"}}]}},"_links":{"self":[{"href":"https:\/\/cours-piano-senlis.com\/index.php\/wp-json\/wp\/v2\/pages\/1863","targetHints":{"allow":["GET"]}}],"collection":[{"href":"https:\/\/cours-piano-senlis.com\/index.php\/wp-json\/wp\/v2\/pages"}],"about":[{"href":"https:\/\/cours-piano-senlis.com\/index.php\/wp-json\/wp\/v2\/types\/page"}],"author":[{"embeddable":true,"href":"https:\/\/cours-piano-senlis.com\/index.php\/wp-json\/wp\/v2\/users\/1"}],"replies":[{"embeddable":true,"href":"https:\/\/cours-piano-senlis.com\/index.php\/wp-json\/wp\/v2\/comments?post=1863"}],"version-history":[{"count":17,"href":"https:\/\/cours-piano-senlis.com\/index.php\/wp-json\/wp\/v2\/pages\/1863\/revisions"}],"predecessor-version":[{"id":4565,"href":"https:\/\/cours-piano-senlis.com\/index.php\/wp-json\/wp\/v2\/pages\/1863\/revisions\/4565"}],"wp:attachment":[{"href":"https:\/\/cours-piano-senlis.com\/index.php\/wp-json\/wp\/v2\/media?parent=1863"}],"curies":[{"name":"wp","href":"https:\/\/api.w.org\/{rel}","templated":true}]}}